{"id":268,"date":"2015-01-18T12:35:24","date_gmt":"2015-01-18T11:35:24","guid":{"rendered":"https:\/\/ecole-privee-getigne.fr\/?page_id=268"},"modified":"2017-10-10T08:51:03","modified_gmt":"2017-10-10T07:51:03","slug":"accueil-de-loisirs","status":"publish","type":"page","link":"https:\/\/ecole-privee-getigne.fr\/?page_id=268","title":{"rendered":"Accueil de loisirs"},"content":{"rendered":"<p>&nbsp;<\/p>\n<p><strong>L\u2019association Familles Rurales vous propose son accueil de loisirs destin\u00e9 <\/strong><strong>aux enfants de 3 \u00e0 12 ans.<\/strong><\/p>\n<p style=\"text-align: center;\"><strong>Accueil de Loisirs \u00ab les copains d\u2019abord \u00bb<br \/>\n<\/strong>3 RUE DES CHANGES<br \/>\n44190 GETIGNE<br \/>\n02.40.54.24.45<br \/>\n<a href=\"mailto:accueildeloisirsgetigne@orange.fr\">accueildeloisirsgetigne@orange.fr<\/a><br \/>\n<a href=\"http:\/\/www.famillesrurales.org\/accueildeloisirsgetigne\" target=\"_blank\" rel=\"noopener\">www.famillesrurales.org\/accueildeloisirsgetigne<\/a><\/p>\n<p><strong>L\u2019accueil de loisirs est ouvert :<\/strong><\/p>\n<p><strong>-les mercredis, \u00e0 la journ\u00e9e ou \u00e0 la demi-journ\u00e9e.<\/strong><\/p>\n<p><strong>-pendant les vacances scolaires, \u00e0 la journ\u00e9e.<\/strong><\/p>\n<p>Une \u00e9quipe d&rsquo;animation, compos\u00e9e de personnel qualifi\u00e9, organise des activit\u00e9s autour d&rsquo;un th\u00e8me, en lien avec le projet p\u00e9dagogique. Ces activit\u00e9s respectent le rythme de l&rsquo;enfant, contribuent \u00e0 son \u00e9panouissement et favorisent les \u00e9changes; elles sont vari\u00e9es et ludiques, \u00e0 l&rsquo;int\u00e9rieur comme \u00e0 l&rsquo;ext\u00e9rieur.<\/p>\n<p>Plus de renseignements sur le site internet de l&rsquo;<a href=\"http:\/\/www.mairie-clisson.com\/module-Contenus-viewpub-tid-2-pid-20.html\">accueil de loisirs<\/a>.<strong><br \/>\n<\/strong><\/p>\n","protected":false},"excerpt":{"rendered":"<p>&nbsp; L\u2019association Familles Rurales vous propose son accueil de loisirs destin\u00e9 aux enfants de 3 \u00e0 12 ans. Accueil de Loisirs \u00ab les copains d\u2019abord \u00bb 3 RUE DES CHANGES 44190 GETIGNE 02.40.54.24.45 accueildeloisirsgetigne@orange.fr www.famillesrurales.org\/accueildeloisirsgetigne L\u2019accueil de loisirs est ouvert : -les mercredis, \u00e0 la journ\u00e9e ou \u00e0 la demi-journ\u00e9e. -pendant les vacances scolaires, \u00e0<\/p>\n<p><a href=\"https:\/\/ecole-privee-getigne.fr\/?page_id=268\" class=\"more-link themebutton\">Lire la suite<\/a><\/p>\n","protected":false},"author":2,"featured_media":0,"parent":0,"menu_order":0,"comment_status":"closed","ping_status":"closed","template":"","meta":{"ngg_post_thumbnail":0,"footnotes":""},"_links":{"self":[{"href":"https:\/\/ecole-privee-getigne.fr\/index.php?rest_route=\/wp\/v2\/pages\/268"}],"collection":[{"href":"https:\/\/ecole-privee-getigne.fr\/index.php?rest_route=\/wp\/v2\/pages"}],"about":[{"href":"https:\/\/ecole-privee-getigne.fr\/index.php?rest_route=\/wp\/v2\/types\/page"}],"author":[{"embeddable":true,"href":"https:\/\/ecole-privee-getigne.fr\/index.php?rest_route=\/wp\/v2\/users\/2"}],"replies":[{"embeddable":true,"href":"https:\/\/ecole-privee-getigne.fr\/index.php?rest_route=%2Fwp%2Fv2%2Fcomments&post=268"}],"version-history":[{"count":0,"href":"https:\/\/ecole-privee-getigne.fr\/index.php?rest_route=\/wp\/v2\/pages\/268\/revisions"}],"wp:attachment":[{"href":"https:\/\/ecole-privee-getigne.fr\/index.php?rest_route=%2Fwp%2Fv2%2Fmedia&parent=268"}],"curies":[{"name":"wp","href":"https:\/\/api.w.org\/{rel}","templated":true}]}}